 -s**3 + 67*s**2 + 1444*s - 96436. What is v(67)?
312
Let s(m) = m**3 + 3*m**2 - 3*m + 175. What is s(-14)?
-1939
Let d(j) = -j**2 - 10241*j - 14642500. Calculate d(-1718).
14
Let v(d) = -d**2 + 244*d + 3515. Determine v(-17).
-922
Let c(i) = -342*i**2 + 3760*i + 35. Give c(11).
13
Let z(u) = 29*u**2 - 2400*u - 2407. Determine z(-1).
22
Let t(a) = -108*a**2 + 421*a + 53. Determine t(4).
9
Let u(y) = y**3 - 22*y**2 - 2389*y - 226. Give u(-39).
164
Let u(a) = -a**3 + 134*a**2 - 4390*a + 238. What is u(77)?
161
Let b(n) = -n**2 - 1410*n - 89987. Give b(-67).
-6
Let h(r) = -4397*r + 153946. Determine h(35).
51
Let o(u) = 1098*u + 69087. What is o(-63)?
-87
Let t(y) = -y**3 + 30*y**2 + 843*y - 91. Give t(-18).
287
Let i(c) = -2*c**3 + 295*c**2 - 731*c + 339. What is i(145)?
-531
Let u(h) = 5*h**2 + 5628*h + 16841. Give u(-3).
2
Let y(v) = 3*v**2 + 5498*v + 43796. Give y(-8).
4
Let c(m) = 1640*m + 11695. Determine c(-7).
215
Let x(s) = -5*s**2 + 22*s + 334. Determine x(-10).
-386
Let d(x) = 22*x - 1267. Give d(43).
-321
Let k(v) = -220*v - 2121. What is k(-4)?
-1241
Let v(g) = -15572*g + 125033. Calculate v(8).
457
Let s(p) = 3*p**2 + 175*p + 1302. Determine s(-9).
-30
Let o(d) = -146*d**2 + 555*d + 12. Determine o(4).
-104
Let v(m) = -m**3 + 2593*m**2 + 325555*m - 599. Determine v(-120).
1
Let l(d) = 29755*d - 386869. Determine l(13).
-54
Let z(g) = -4146*g + 427044. Determine z(103).
6
Let n(f) = -5*f**3 - 653*f**2 - 4911*f - 30. Give n(-8).
26
Let x(m) = -741*m**2 + 9. What is x(1)?
-732
Let u(r) = -166*r - 4302. Determine u(-26).
14
Let u(b) = b**3 + 240*b**2 - 10577*b - 3866. Give u(-278).
-252
Let j(i) = i**3 - 113*i**2 + 1277*i + 297. Calculate j(13).
-2
Let h(x) = -x**3 - 89*x**2 + 943*x - 2232. Determine h(6).
6
Let z(x) = -3*x**3 - 33*x**2 + 268*x - 2. Determine z(8).
-1506
Let u(i) = -51083*i + 4648547. Determine u(91).
-6
Let l(i) = -52602*i + 6364841. Determine l(121).
-1
Let l(n) = -12*n**2 - 103*n + 33. What is l(-9)?
-12
Let b(d) = d**3 - 60*d**2 + 106*d + 2593. What is b(57)?
-1112
Let k(g) = -g**2 + 197*g - 6815. Determine k(45).
25
Let q(a) = 239*a + 1426. Calculate q(-6).
-8
Let m(s) = 1846*s + 267667. Determine m(-145).
-3
Let m(j) = -j**2 + 4091*j + 12279. Determine m(-3).
-3
Let j(g) = 136*g + 2028. Calculate j(-13).
260
Let k(x) = 2*x**2 - 1439*x + 167467. Determine k(146).
5
Let k(s) = 3157*s - 113785. Calculate k(36).
-133
Let d(c) = -14*c**2 + 997*c - 7919. Calculate d(9).
-80
Let f(b) = 15525*b - 16223627. Give f(1045).
-2
Let q(k) = 2*k**3 - 1523*k**2 + 3774*k + 15966. Calculate q(759).
27
Let n(w) = -5697*w**3 - 8*w**2 - 6*w + 10. Determine n(1).
-5701
Let x(g) = 87*g**2 + 345*g + 64. What is x(-4)?
76
Let p(d) = -160212*d - 2563390. Give p(-16).
2
Let s(r) = r**3 + 10*r**2 + 273*r + 2869. Calculate s(-10).
139
Let o(m) = -m**2 - 41652*m + 1125327. Give o(27).
-6
Let i(q) = -13394*q**2 - 40262*q - 4. Determine i(-3).
236
Let n(z) = 2*z + 161. Determine n(-77).
7
Let a(m) = -55*m + 3287. Give a(69).
-508
Let o(i) = 4279*i + 746. Calculate o(0).
746
Let i(k) = -1637*k - 157092. Give i(-96).
60
Let i(m) = -168*m**2 - 93649*m - 40665. Calculate i(-557).
-4
Let q(u) = -2272*u - 10602. Calculate q(-3).
-3786
Let y(j) = -11*j**3 - 3*j**2 - 400*j - 2650. Determine y(-7).
3776
Let v(y) = 2*y**2 + 218*y + 437. What is v(-2)?
9
Let r(l) = l**2 - 6902*l - 3331815. Calculate r(-453).
0
Let t(f) = -14*f**3 + 36*f**2 + 211*f - 1241. Determine t(6).
-1703
Let n(q) = -q**3 + 22*q**2 - 66*q - 184. Give n(8).
184
Let v(y) = y**3 - 29*y**2 + 13*y - 210. Give v(30).
1080
Let h(m) = 8*m**2 + m - 1650. Determine h(0).
-1650
Let v(j) = 150*j**2 + 1504*j + 59. Give v(-10).
19
Let h(s) = 2*s**3 - 1240*s**2 - 382*s + 236875. What is h(620)?
35
Let k(w) = -6692*w + 287799. Calculate k(43).
43
Let p(h) = -28*h**2 + 7726*h + 246. Determine p(276).
-306
Let b(f) = -22*f - 1979. Give b(-99).
199
Let x(l) = -5*l**2 + 25*l - 131. Calculate x(5).
-131
Let n(k) = 139*k**2 - 47960*k - 46361. Calculate n(346).
3
Let m(t) = -81652*t + 81656. Calculate m(1).
4
Let y(m) = 1215*m + 112873. What is y(-93)?
-122
Let z(y) = 3136*y - 486225. What is z(155)?
-145
Let z(m) = 2*m**3 - 1481*m**2 + 37171*m - 447. Calculate z(26).
-5
Let i(t) = -4*t**3 - 187*t**2 - 688*t - 7. What is i(-4)?
9
Let f(o) = -1773*o + 410999. Determine f(232).
-337
Let u(d) = -d**2 - 80*d - 1260. Calculate u(-50).
240
Let f(y) = -6358*y + 495932. What is f(78)?
8
Let o(u) = 4*u**2 + 21*u - 1915. Determine o(-26).
243
Let r(h) = -2*h**3 - 623*h**2 + 1572*h + 735. Determine r(-314).
107
Let k(t) = -t**3 + 108*t**2 + 49*t + 6605. Determine k(109).
65
Let z(u) = -7*u**2 - 810*u + 78. Give z(-116).
-154
Let v(u) = -47*u**2 + 285*u - 37. Calculate v(4).
351
Let l(g) = -9075*g - 1597210. Determine l(-176).
-10
Let h(n) = 512*n - 14647. Give h(29).
201
Let u(w) = -30*w**3 - 336*w**2 + 152*w + 2401. Give u(-11).
3
Let s(u) = -u**2 - 30661*u - 245216. Determine s(-8).
8
Let x(h) = 635*h + 205913. What is x(-324)?
173
Let f(o) = -7*o**2 + 405*o + 7650. Give f(-15).
0
Let l(t) = 3480*t + 139452. Calculate l(-40).
252
Let x(v) = v**3 + 939*v**2 - 11534*v - 116012. What is x(-951)?
10
Let c(u) = -4*u**2 - 1138*u - 4589. Calculate c(-4).
-101
Let d(v) = -2*v**2 + 2354*v + 195600. Calculate d(-78).
-180
Let u(h) = 4*h**2 + 518*h + 7645. Calculate u(-17).
-5
Let b(k) = -8534*k + 76974. What is b(9)?
168
Let o(g) = g**3 - 60*g**2 - 61*g + 146. What is o(61)?
146
Let j(y) = 170037*y + 680145. Calculate j(-4).
-3
Let o(q) = -12*q**3 - 797*q**2 - 11098*q + 836. Calculate o(-20).
-4
Let t(p) = -41*p**3 - p**2 + 34*p - 66. Give t(2).
-330
Let m(h) = -h**2 - 153*h - 5800. Give m(-85).
-20
Let z(j) = 13291*j + 159535. Give z(-12).
43
Let l(z) = -738*z - 34706. Calculate l(-48).
718
Let z(c) = -4276*c - 3355. Determine z(-1).
921
Let i(z) = -2*z**2 + 1545*z - 275376. Determine i(279).
-3
Let h(c) = -67*c**3 - 6*c**2 + 76*c + 81. Give h(-1).
66
Let b(r) = 5646*r + 67765. Determine b(-12).
13
Let b(n) = -929*n - 21265. Determine b(-23).
102
Let h(k) = 40523*k - 121492. What is h(3)?
77
Let b(r) = -r**3 + 12*r**2 - 31*r + 1234. What is b(16)?
-286
Let s(q) = -q**3 + 66*q**2 - 274*q + 5360. What is s(63)?
5
Let z(w) = 3445189*w + 58568222. Give z(-17).
9
Let p(m) = 3596*m + 21668. What is p(-6)?
92
Let n(b) = 120*b - 34894. Calculate n(291).
26
Let p(l) = l**3 + 23*l**2 - 6698*l + 1712. What is p(71)?
8
Let y(u) = 9*u**3 + 57*u**2 + 27*u - 19. Give y(-6).
-73
Let y(h) = -11140*h + 45785. Give y(4).
1225
Let j(k) = -117*k**2 - 2221*k + 29529. Calculate j(-28).
-11
Let n(i) = 2370*i - 16639. What is n(7)?
-49
Let k(t) = -122*t**2 - 816*t + 265. Calculate k(-7).
-1
Let j(w) = -3*w**2 - 538*w + 2837. What is j(5)?
72
Let z(y) = -74116*y + 33055741. Calculate z(446).
5
Let j(m) = -52*m**2 + 4191*m + 44007. What is j(90)?
-3
Let c(t) = -145*t + 3486. What is c(18)?
876
Let q(d) = -28*d**2 - 135*d - 133. What is q(-1)?
-26
Let h(c) = c**3 - 52*c**2 - 442*c - 2239. Give h(60).
41
Let n(a) = 6*a**2 + 1614*a + 14040. Calculate n(-9).
0
Let t(c) = c**3 + 48*c**2 - 1026*c - 51397. What is t(-46)?
31
Let o(c) = 33*c**2 + 666*c - 1330. What is o(2)?
134
Let b(x) = 100*x - 3611. Give b(37).
89
Let n(t) = 100717*t + 2719356. Give n(-27).
-3
Let d(k) = k**2 - 92*k - 442. Determine d(109).
1411
Let c(o) = o**3 - 426*o**2 - 39897*o + 965. Calculate c(505).
-45
Let z(u) = -u**2 + 209*u - 4828. Determine z(27).
86
Let a(t) = -6*t - 377. Calculate a(-35).
-167
Let g(n) = n**3 + 81*n**2 - 269*n - 1627. What is g(-84)?
-199
Let v(y) = -227806*y - 911229. Determine v(-4).
-5
Let n(b) = -25*b**2 - 736*b + 1199. Calculate n(-31).
-10
Let o(a) = -a**2 + 244*a + 13000. Determine o(289).
-5
Let n(q) = 4*q**3 + 334*q**2 - 330*q + 15334. Calculate n(-85).
34
Let m(d) = 10*d**2 - 2211*d - 1986. What is m(222)?
12
Let o(a) = -180*a + 11628. Calculate o(64).
108
Let t(p) = -18*p**2 - 4506*p - 43181. What is t(-10)?
79
Let v(h) = -18*h**2 - 387*h - 1115. Determine v(-18).
19
Let h(l) = -43*l**2 - 48*l - 230. Give h(-5).
-1065
Let g(w) = 33297*w + 332950. Determine g(-10).
-20
Let j(b) = 1911*b + 69109. What is j(-36)?
313
Let u(a) = a**3 + 77*a**2 - 485*a + 406. What is u(-83)?
-673
Let l(b) = b**2 + 182*b - 1398. Determine l(10).
522
Let z(r) = -8131*